 is divided by 67?
4
What is the remainder when 349 is divided by 94?
67
Calculate the remainder when 477 is divided by 30.
27
Calculate the remainder when 6132 is divided by 236.
232
What is the remainder when 9994 is divided by 17?
15
Calculate the remainder when 1831 is divided by 8.
7
Calculate the remainder when 4922 is divided by 43.
20
Calculate the remainder when 2382 is divided by 8.
6
What is the remainder when 1004 is divided by 56?
52
Calculate the remainder when 1232 is divided by 71.
25
What is the remainder when 21 is divided by 3?
0
What is the remainder when 118 is divided by 26?
14
Calculate the remainder when 108 is divided by 55.
53
What is the remainder when 58 is divided by 1?
0
What is the remainder when 928 is divided by 186?
184
Calculate the remainder when 106 is divided by 30.
16
Calculate the remainder when 330 is divided by 21.
15
What is the remainder when 425 is divided by 47?
2
Calculate the remainder when 764 is divided by 51.
50
Calculate the remainder when 96 is divided by 52.
44
Calculate the remainder when 247 is divided by 90.
67
What is the remainder when 498 is divided by 125?
123
What is the remainder when 396 is divided by 95?
16
What is the remainder when 157 is divided by 54?
49
Calculate the remainder when 80 is divided by 43.
37
What is the remainder when 56951 is divided by 56?
55
Calculate the remainder when 1966 is divided by 977.
12
What is the remainder when 82 is divided by 21?
19
Calculate the remainder when 487 is divided by 160.
7
What is the remainder when 92 is divided by 54?
38
What is the remainder when 122 is divided by 18?
14
What is the remainder when 1337 is divided by 4?
1
What is the remainder when 100 is divided by 27?
19
Calculate the remainder when 62 is divided by 51.
11
Calculate the remainder when 247 is divided by 72.
31
Calculate the remainder when 2460 is divided by 11.
7
Calculate the remainder when 69 is divided by 49.
20
What is the remainder when 1055 is divided by 32?
31
Calculate the remainder when 21 is divided by 11.
10
Calculate the remainder when 423 is divided by 85.
83
Calculate the remainder when 2939 is divided by 105.
104
What is the remainder when 250 is divided by 114?
22
Calculate the remainder when 261 is divided by 11.
8
Calculate the remainder when 284 is divided by 76.
56
What is the remainder when 59 is divided by 21?
17
Calculate the remainder when 358 is divided by 40.
38
Calculate the remainder when 34165 is divided by 7.
5
What is the remainder when 129 is divided by 29?
13
What is the remainder when 3607 is divided by 88?
87
Calculate the remainder when 179 is divided by 45.
44
What is the remainder when 66 is divided by 14?
10
Calculate the remainder when 759 is divided by 20.
19
Calculate the remainder when 207 is divided by 10.
7
What is the remainder when 74 is divided by 41?
33
What is the remainder when 235 is divided by 20?
15
Calculate the remainder when 828 is divided by 43.
11
What is the remainder when 61 is divided by 34?
27
What is the remainder when 1047 is divided by 139?
74
Calculate the remainder when 675 is divided by 52.
51
What is the remainder when 101 is divided by 5?
1
What is the remainder when 152 is divided by 64?
24
What is the remainder when 937 is divided by 5?
2
What is the remainder when 130 is divided by 38?
16
What is the remainder when 68 is divided by 40?
28
What is the remainder when 331 is divided by 21?
16
What is the remainder when 76 is divided by 14?
6
Calculate the remainder when 411 is divided by 27.
6
What is the remainder when 87 is divided by 33?
21
Calculate the remainder when 202 is divided by 22.
4
What is the remainder when 527 is divided by 488?
39
What is the remainder when 885 is divided by 276?
57
Calculate the remainder when 1107 is divided by 14.
1
Calculate the remainder when 41 is divided by 21.
20
Calculate the remainder when 48 is divided by 10.
8
What is the remainder when 417 is divided by 42?
39
Calculate the remainder when 200 is divided by 7.
4
What is the remainder when 19793 is divided by 14?
11
What is the remainder when 153 is divided by 32?
25
What is the remainder when 93 is divided by 28?
9
Calculate the remainder when 377 is divided by 76.
73
Calculate the remainder when 23460 is divided by 65.
60
Calculate the remainder when 140 is divided by 69.
2
Calculate the remainder when 5596 is divided by 80.
76
What is the remainder when 177 is divided by 15?
12
What is the remainder when 1004 is divided by 21?
17
Calculate the remainder when 582 is divided by 13.
10
Calculate the remainder when 53 is divided by 39.
14
What is the remainder when 93 is divided by 25?
18
What is the remainder when 156 is divided by 151?
5
What is the remainder when 7305 is divided by 42?
39
What is the remainder when 5927 is divided by 19?
18
What is the remainder when 7546 is divided by 148?
146
Calculate the remainder when 598 is divided by 100.
98
What is the remainder when 124 is divided by 14?
12
Calculate the remainder when 210 is divided by 203.
7
Calculate the remainder when 1846 is divided by 154.
152
Calculate the remainder when 37 is divided by 10.
7
What is the remainder when 755 is divided by 187?
7
Calculate the remainder when 1186 is divided by 240.
226
What is the remainder when 90 is divided by 49?
41
What is the remainder when 2454 is divided by 63?
60
Calculate the remainder when 1146 is divided by 1123.
23
Calculate the remainder when 2255 is divided by 543.
83
Calculate the remainder when 5262 is divided by 94.
92
Calculate the remainder when 10396 is divided by 100.
96
Calculate the remainder when 72 is divided by 13.
7
Calculate the remainder when 75 is divided by 16.
11
Calculate the remainder when 14 is divided by 7.
0
What is the remainder when 193 is divided by 129?
64
Calculate the remainder when 169 is divided by 49.
22
What is the remainder when 160 is divided by 19?
8
What is the remainder when 3019 is divided by 3?
1
What is the remainder when 5357 is divided by 23?
21
What is the remainder when 9695 is divided by 126?
119
What is the remainder when 620 is divided by 241?
138
What is the remainder when 5009 is divided by 8?
1
Calculate the remainder when 3430 is divided by 310.
20
What is the remainder when 225 is divided by 63?
36
Calculate the remainder when 4600 is divided by 104.
24
What is the remainder when 2090 is divided by 348?
2
Calculate the remainder when 106 is divided by 47.
12
What is the remainder when 74 is divided by 25?
24
Calculate the remainder when 649 is divided by 565.
84
Calculate the remainder when 294 is divided by 59.
58
What is the remainder when 154 is divided by 34?
18
What is the remainder when 101 is divided by 5?
1
What is the remainder when 110 is divided by 36?
2
What is the remainder when 226 is divided by 122?
104
What is the remainder when 2133 is divided by 97?
96
Calculate the remainder when 266 is divided by 35.
21
Calculate the remainder when 686 is divided by 46.
42
What is the remainder when 38 is divided by 5?
3
Calculate the remainder when 957 is divided by 314.
15
What is the remainder when 1758 is divided by 84?
78
What is the remainder when 62 is divided by 22?
18
What is the remainder when 358 is divided by 13?
7
Calculate the remainder when 33 is divided by 19.
14
Calculate the remainder when 235 is divided by 34.
31
What is the remainder when 184 is divided by 38?
32
What is the remainder when 779 is divided by 65?
64
What is the remainder when 716 is divided by 64?
12
What is the remainder when 813 is divided by 22?
21
What is the remainder when 339 is divided by 137?
65
What is the remainder when 1840 is divided by 62?
42
Calculate the remainder when 216 is divided by 99.
18
What is the remainder when 215 is divided by 44?
39
Calculate the remainder when 538 is divided by 78.
70
Calculate the remainder when 1645 is divided by 817.
11
What is the remainder when 15 is divided by 4?
3
Calculate the remainder when 2356 is divided by 9.
7
What is the remainder when 184 is divided by 31?
29
What is the remainder when 249 is divided by 28?
25
What is the remainder when 689 is divided by 118?
99
What is the remainder when 102 is divided by 8?
6
What is the remainder when 326 is divided by 10?
6
What is the remainder